mmon divisor of 12 and x.
12
Let y = 18 + -42. Let q = 36 + y. Calculate the greatest common divisor of 12 and q.
12
Suppose -2*d + y = -149 + 38, 3*d - 168 = 3*y. What is the highest common factor of d and 11?
11
Suppose -2*v + 7*v - 400 = 5*z, -5*z - 148 = -2*v. Let f be (28/14)/(2/12). What is the highest common divisor of v and f?
12
Let b = 1 + 11. Suppose 0 = g + 4*u + 3, -3*g - 3*u = -b - 15. What is the highest common divisor of g and 26?
13
Let l = -13 + 18. Suppose l*b - 5 = 10. Let f be (1/b)/(3/81). What is the greatest common factor of f and 54?
9
Let g be 110/3*(-18)/(-5). Let c = g + -76. Suppose -5*v + 2*d = -308, 4*d - c = -v + 3*d. What is the greatest common divisor of v and 15?
15
Let y = 61 + 2. What is the highest common factor of 21 and y?
21
Let v(o) = 10*o + 11. Let u be v(1). Calculate the highest common factor of 7 and u.
7
Suppose -3*q - w = -32, 0 = 4*q + 2*w - 5*w - 34. Let l = 54 - 49. What is the highest common factor of q and l?
5
Suppose 2*s = -3*g - 2*g + 215, 2*s - g - 209 = 0. Let f be (s/6)/5*4. What is the greatest common divisor of f and 21?
7
Let c = -11 - -8. Let u(a) = -4*a. Let l be u(c). What is the highest common divisor of l and 84?
12
Let x = 24 - 10. Suppose -3*o - x = -5*i, i - 3 = 5*o - 9. What is the highest common factor of 10 and i?
2
Suppose 191 = 2*g + 5*b, 0*g + 3*g - 291 = -3*b. Let f(k) = 3*k**2 + 2. Let x be f(2). Calculate the greatest common factor of x and g.
14
Let u = -6 - -17. Let o be (u - -1) + (-1 - -1). Calculate the highest common factor of o and 12.
12
Let k be 2/19 + (-450)/(-57). What is the highest common divisor of k and 1?
1
Let x = -23 - -34. Calculate the greatest common divisor of 11 and x.
11
Suppose 141 = 6*f - 51. Let a(r) = 15*r**3 + 2*r**2 - 1. Let j = -1 - -2. Let z be a(j). What is the highest common factor of z and f?
16
Let y = 173 + -72. Let j = -53 + y. Let c be j/20 - (-4)/(-10). What is the highest common divisor of c and 22?
2
Let l be (-68)/85*(-90)/4. Calculate the highest common divisor of l and 72.
18
Let w(y) be the first derivative of 82*y**3/3 + y**2 + y - 6. Let l be w(-1). Calculate the greatest common divisor of l and 9.
9
Suppose 22 = 3*p + 4*j, 4 = 2*j + 2. Let t(m) = -m**2 - 9*m + 12. Let x be t(-9). Calculate the greatest common factor of p and x.
6
Suppose -3*r - 17 = -2*v, -5*v + 0*r = -2*r - 48. What is the highest common factor of 25 and v?
5
Let j = -40 - -56. Calculate the highest common divisor of j and 48.
16
Let w = 20 + 5. Calculate the greatest common factor of w and 25.
25
Suppose 0 = -5*g + 49 - 14. Suppose 3*c = -r + 16, g = 2*c - 3*r - 11. Let i be (54/(-15))/((-6)/40). What is the highest common divisor of i and c?
6
Let v = 144 + 6. Suppose -2*s = -0*s + 4. Let l be (-4 - v)*1/s. What is the highest common factor of l and 7?
7
Let h = 65 + -33. What is the greatest common factor of 48 and h?
16
Let f = -33 + 36. What is the greatest common factor of 24 and f?
3
Suppose -16*n + 14 = -14*n. Calculate the greatest common factor of 21 and n.
7
Let r(s) = -s**2 + 11*s - 8. Let p be r(9). What is the greatest common divisor of p and 110?
10
Let d(g) = 4*g - 5. Let q be d(2). Suppose -68 = -o - 6*a + 3*a, -3*o = -q*a - 240. What is the greatest common divisor of 11 and o?
11
Let n(w) = w**3 + 3*w**2 - 7*w - 9. Let x be n(-4). Let l be ((13 - 1)*-1)/(-2). Calculate the greatest common divisor of x and l.
3
Let y(p) = -p**3 + 11*p**2 + 18*p - 22. Let c be y(12). Calculate the greatest common factor of 10 and c.
10
Let c(h) = 2*h - 6. Let m be c(4). Calculate the highest common factor of m and 1.
1
Suppose t - 63 = 65. Calculate the highest common factor of t and 16.
16
Suppose 3*k - 84 = -4*c, -2*k + 0 = -2*c + 28. What is the greatest common factor of c and 18?
18
Let j = 13 + -8. Suppose -x - 2*x - 63 = -j*q, -2*x = 5*q - 83. What is the greatest common factor of q and 3?
3
Let q = 131 - 23. What is the highest common divisor of 12 and q?
12
Suppose -t - k - 1 = -2*t, -5*k + 1 = -3*t. Suppose 4*p - 80 = -t*v, 3*p = 2*v + 18 + 25. Calculate the greatest common factor of p and 136.
17
Let u be (-3 + 4)/((-1)/6). Let n = u - -11. Let t = n + 2. What is the greatest common factor of t and 77?
7
Suppose 0*u = -5*w - 5*u + 95, -5*w = -4*u - 59. What is the highest common divisor of 15 and w?
15
Let o(u) = -5*u + 9. Let a be o(-3). Calculate the greatest common divisor of a and 60.
12
Let a(d) = -d**2 + 10*d + 13. Let w be a(9). Suppose 2*o - 44 - 264 = 0. What is the greatest common factor of o and w?
22
Suppose 5*y - 32 = 28. Calculate the greatest common factor of 30 and y.
6
Let g(i) = 5*i**2 - 3*i - 1. Let v be g(3). Calculate the highest common divisor of v and 5.
5
Let o(c) = -3*c + 11. Let w be o(-8). Suppose 70 = 3*f - w. What is the greatest common factor of f and 14?
7
Suppose 4*q - 130 + 43 = 5*z, 4*z = q - 19. Suppose 95 = -d + 2*d. Suppose d = r + q. Calculate the greatest common factor of 8 and r.
8
Let x(u) = 2*u + 14. Let c be x(-7). Let b = 8 + -5. Suppose c = t - 3*s - 58, -t - b*s = 8 - 90. Calculate the highest common divisor of 10 and t.
10
Suppose n + 4*n = 0. Suppose -4*y + n*y = -4. Suppose -5*g + 54 = 4*k, 3*k - 3*g - 22 - 5 = 0. Calculate the greatest common divisor of y and k.
1
Suppose -5*t = -79 - 71. Suppose 3 = -4*u + 23. Suppose 7*d - 4*d - 29 = u*n, 5*d = 4*n + 31. Calculate the greatest common factor of d and t.
3
Let s(p) = -6*p + 19. Let q be s(3). What is the highest common divisor of 10 and q?
1
Suppose -20 = -5*d - r, -4*r - 3 + 23 = 5*d. Let j = -1 + 1. Suppose j = 2*z - 2*t - 20, 4*z - 5 = t + 23. What is the highest common divisor of z and d?
2
Let s be 6/(-21) + 1446/14. Let b = s - 47. Suppose 4*j = -20 + b. What is the greatest common divisor of j and 81?
9
Suppose m = -3*v + 5 + 5, 20 = 4*v + 3*m. Let f be ((-21)/(-2))/((-6)/(-8)). What is the greatest common factor of f and v?
2
Suppose -v = 3*j - 10, -1 = 2*j - 3*v - 15. Calculate the highest common factor of 10 and j.
2
Let w(h) = 3*h + 3. Let b be w(-3). Let m be -2 + (-2)/(b/33). What is the greatest common divisor of 81 and m?
9
Suppose 26 = 4*i - 38. Calculate the greatest common divisor of i and 8.
8
Let n be 2/(-5) - (-14)/10. Let p be (-12 + n)*(-1 - 0). Let x = 7 + 4. What is the highest common divisor of x and p?
11
Let h(b) be the third derivative of -b**4/24 + 2*b**3/3 + 3*b**2. Let a be h(4). Let t = a + 2. Calculate the highest common factor of 18 and t.
2
Suppose 3*o + 0*o = 12. Suppose 4*p - 4 - 36 = 0. What is the highest common divisor of o and p?
2
Let x = -37 + 49. Calculate the greatest common divisor of 4 and x.
4
Let y(m) = m**2 + 8*m - 7. Let x be y(8). What is the highest common factor of x and 11?
11
Let i = 372 + -141. Let a be -21*(3 - 5 - -1). What is the highest common factor of a and i?
21
Suppose 0 = -8*j + 10*j - 26. Suppose y - 47 - j = 0. What is the highest common divisor of y and 15?
15
Suppose 27 = 3*i - 21. Calculate the greatest common factor of i and 128.
16
Suppose -u - l = u + 2, 0 = 5*u - 4*l + 5. Let n be ((-38)/4 + u)*-2. Suppose -5*c + 14 = -n. Calculate the greatest common divisor of 35 and c.
7
Suppose 3*y = 5*a + 112, 3*y = -3*a + a + 140. Calculate the greatest common divisor of y and 22.
22
Suppose 0 = -2*p + 5*z - 3*z, -3*z = -5*p. Let m be (-14)/(-8) - 3/(-12). Suppose p = -m*x + 28 + 112. Calculate the greatest common divisor of x and 10.
10
Let s(b) = b**3 - 3*b + 2. Let c be s(3). Calculate the highest common factor of 5 and c.
5
Suppose 1 + 5 = 2*d. Let u be (-22)/(-10) + d/(-15). Suppose -u*z - 3*g = -30, -58 = -5*z - g + 2*g. Calculate the highest common factor of z and 84.
12
Let y be (-14)/6 + (-6)/9. Let i be (-2 - (-4 + y)) + 3. What is the highest common factor of i and 1?
1
Let v = 7 + -1. What is the highest common divisor of v and 6?
6
Suppose 74 = -u + 5*u + 2*a, -41 = -u + 4*a. Let j be -1*((3 - -2) + 0). Let x = 8 + j. Calculate the greatest common divisor of x and u.
3
Suppose 30 = -5*u + 5. Let w(a) = -a - 4. Let j be w(u). What is the greatest common factor of 10 and j?
1
Let b = 5 - 1. Suppose -2*z - 2*u + 24 = 0, -z + 4*u = 2*z - 57. Suppose -z - 49 = -2*n. What is the highest common factor of n and b?
4
Let z(u) = -2*u**2 + 5*u - 5. Let w be z(5). Let l = 